 = 2*q + 4*a, 0*q - 3*a - 3 = -q. Determine n(q).
-5
Suppose -109 + 134 = 25*o. Let g(y) = 9*y**3 + 2*y**2 - y - 1. Give g(o).
9
Let m(d) = -155*d - 373. Let x(z) = -55*z - 124. Let t(q) = -6*m(q) + 17*x(q). Give t(27).
-5
Let m(l) = 2*l**2 + 2*l - 1. Let p(i) = -5*i**2 - 8 + 6*i + i**2 + 3*i**2. Let r = -498 + 501. Let t be p(r). Calculate m(t).
3
Suppose 2*q + 24*i = 29*i + 23, 5*q = -4*i + 8. Let g(t) = t**3 - 5*t**2 + 8*t - 17. What is g(q)?
-1
Let l(g) = g**3 + 14*g**2 - 2*g - 24. Let m be l(-14). Let s(h) = -m*h + 5*h + 0*h - 2*h. What is s(6)?
-6
Let w = 1 + 1. Let d = -333 + 333. Let a(k) = -4*k**2 + 11 - k**3 + 2*k**3 + d*k - 10 - 2*k. Determine a(w).
-11
Let v(s) = -s**2 - 18*s - 61. Let n be 176/(-8) + (-9)/(-18) + 22/4. Calculate v(n).
-29
Let j be (158/790 - 1/3)/((-8)/10). Let q(a) be the third derivative of 1/120*a**6 + 1/3*a**3 + j*a**4 + 3*a**2 + 0*a + 0 - 1/10*a**5. Give q(5).
-3
Suppose 5*u = 3*u + 12. Let m(q) be the first derivative of -q**4/4 + 7*q**3/3 - 7*q**2/2 + 4*q - 451. Calculate m(u).
-2
Let y(c) = 2*c**2 + 18*c - 34. Let i = 13806 + -13816. Determine y(i).
-14
Let d(r) = 4*r**2 + 1. Suppose -23 = 3*k - 4*s, 6*k = 3*k + 2*s - 19. Let c(v) = -3*v**2 + v. Let y(u) = k*c(u) - 4*d(u). Calculate y(-3).
2
Let a(w) = 5 + 3*w + 19*w - 8*w - w - w**2. Let p be 11 - ((2 - -7) + -11). Calculate a(p).
5
Let p(x) = -4*x + 10. Let i(y) = 130*y - 8 + 12 - 131*y. Let n(h) = -5*i(h) + 2*p(h). Calculate n(-6).
18
Let i be (2 + (-3)/2)*248. Suppose -2*y - i - 50 = -4*g, -y = 3*g - 133. Suppose 27 = g*k - 35*k. Let p(l) = -6*l + 4. What is p(k)?
-14
Let y(l) = 61*l + 11. Let t(n) = 415*n + 75. Let s(i) = -5*t(i) + 34*y(i). Let j be 1/(((-6)/(-4))/(-3)). Let q be (j - -3)/(-1)*-6. Give s(q).
-7
Let c(i) = -94*i + 198. Let p be c(2). Let r(j) = -5*j + 15. What is r(p)?
-35
Let q(k) = -38*k + 20. Suppose 0*j + 1 = 3*l + j, -5*l - 2*j = 0. Let s(i) = -11*i + 7. Let h(a) = l*q(a) - 7*s(a). What is h(7)?
-2
Suppose -32*b = -35*b + 54. Let v(j) = -18*j - b*j - 22*j + 59*j + 21. Give v(-17).
4
Let h(q) = -8*q**2 + 220*q + 182. Let g(l) = 2*l**2 - 44*l - 37. Let f(c) = 11*g(c) + 2*h(c). Calculate f(-1).
7
Let s be ((-492)/1312)/(15/(-4)). Let v(u) be the second derivative of u**2 - 1/6*u**4 + 1/6*u**3 - s*u**5 - 12*u + 0. What is v(2)?
-20
Let u be (-2)/(-20) + (-1611)/(-90) + -4. Suppose 0 = j + a - 9, -2*j - a + u = -0*j. Let c(m) = -m + 10. Determine c(j).
5
Let n(y) be the third derivative of -y**4/24 + 20*y**3/3 + 2*y**2 - 1344*y. Calculate n(23).
17
Let g(t) = -t**3 - 5*t**2 - 2. Let l be (2 + 3)*((-7)/(-21) + 12/(-9)). Determine g(l).
-2
Let f(v) be the first derivative of v**2 + 20*v - 219. What is f(-4)?
12
Let f(w) = 113*w - 1247. Let u be f(11). Let o(a) = -a**3 - 4*a**2 - a - 5. Determine o(u).
-1
Let o be 80/13 + 6/(-39). Let w(r) = 12*r - 13. Let t(q) = 26*q - 29. Let i(x) = -4*t(x) + 9*w(x). What is i(o)?
23
Let p(h) = -h**2 + 2*h - 27. Let m be (9 + -4 + -17)/(6 + -8 - 0). Determine p(m).
-51
Let w(t) be the first derivative of t**4/12 + 7*t**3/6 + 5*t**2/2 + 118*t + 47. Let g(y) be the first derivative of w(y). Calculate g(-5).
-5
Let b(v) be the first derivative of v**7/840 - v**6/36 + 3*v**5/40 + 5*v**4/12 - 131*v**3/3 - 96. Let k(q) be the third derivative of b(q). Calculate k(9).
10
Let g(t) be the first derivative of 13*t + t**2 - 1 - 1/6*t**3. Let k(w) be the first derivative of g(w). Determine k(5).
-3
Let f(c) = -3*c**2 - 3*c + 4. Let x(i) = 4*i**2 + 2*i - 5. Let y(n) = -5*f(n) - 4*x(n). Suppose -2*d - q = -4*q - 5, d = -4*q + 19. Give y(d).
0
Let s(v) = -4*v**3 + 49*v**2 - 12*v + 2. Suppose -46*f + 875 - 323 = 0. What is s(f)?
2
Let m = 4164 + -4163. Let q(f) = f**3 + f**2 - 5*f + 5. Calculate q(m).
2
Suppose -i = -4*s - 58, -2 = -2*i - 3*s + 81. Suppose -4 = 21*o - i. Let n(q) be the third derivative of q**5/60 - q**4/12 + q**3/2 + 2*q**2. Determine n(o).
3
Let t(w) = -w**3 + 4*w**2 + 2*w + 1. Let i(j) = 7*j - 22. Let d be i(4). Suppose -13*u + 91 = -6*u. Suppose -d*y + u = -11. What is t(y)?
9
Let w be 4 - ((-4)/20 + 14/(-5)). Suppose 12*d = w*d + 5. Let f(c) = 9*c + d - 10*c + 0*c. Calculate f(-7).
8
Let c(l) be the second derivative of -l**5/40 + l**4/24 - 55*l**3/6 - 15*l + 3. Let u(n) be the second derivative of c(n). What is u(-1)?
4
Let l(c) be the first derivative of 0*c**2 + 13 - 2/3*c**3 + 31*c - 1/20*c**5 + 2/3*c**4. Let j(k) be the first derivative of l(k). Calculate j(7).
21
Let g(i) = i**3 - 3*i**2 - 14*i - 21. Let a be g(6). Let w(b) be the first derivative of -3*b**2 + 2*b + 15. Determine w(a).
-16
Let f(w) = w**3 + 17*w**2 - 19*w - 32. Let n be (-20)/14 + 1 - (-18 + 4482/126). What is f(n)?
-14
Let s(b) be the third derivative of 0*b - 1/120*b**6 + 1/2*b**4 + 1/5*b**5 + 4 - 2*b**2 + 19/6*b**3. Give s(13).
6
Let y(i) = 24*i**3 + 118*i**2 + 14*i + 161. Let z(d) = 5*d**3 + 24*d**2 + 3*d + 32. Let p(j) = 6*y(j) - 29*z(j). Determine p(12).
2
Let v(i) = -4*i**2 - 4*i**3 + i + 5*i**3 + 1 + 3*i**2 + 0*i**2 - 13*i. What is v(-3)?
1
Let l(d) = -2*d - 5*d**3 + 4*d**2 + 4*d**3 - 2*d + 2. Let j be l(3). Let a(t) = t + 12 + 145*t**2 - 10 - 64*t**2 - 1 - 77*t**2. Determine a(j).
4
Let r(f) = -f**2 - 5*f - 4. Let c = -193 + 184. Let k(a) = 2*a**2 + 20*a + 14. Let z be k(c). Determine r(z).
0
Let c(m) = 4*m + 82. Let z(q) = q + 28. Let j(g) = -c(g) + 3*z(g). Suppose 28 = 10*h - 3*h. What is j(h)?
-2
Let v(d) be the third derivative of 117*d**2 + 0 + 2/3*d**3 + 0*d - 3/8*d**4. Give v(3).
-23
Let m be (-4)/(-2 + 16/6). Let o(u) = 7*u**2 - 16*u + 11. Let v(q) = 15*q**2 - 36*q + 23. Let x(h) = 13*o(h) - 6*v(h). Determine x(m).
-7
Let m(k) be the third derivative of k**4/6 - 17*k**3/3 + 166*k**2 + 4*k. Give m(8).
-2
Let n(x) = -x**2 - 25*x - 128. Suppose 0 = 25*g - 22*g - 5*z + 61, 3*z = 5*g + 59. What is n(g)?
-2
Let t(f) be the second derivative of f**6/180 - f**5/30 - f**4/2 + f**3/6 + f - 38. Let k(p) be the third derivative of t(p). Calculate k(4).
12
Let m(f) = 96 + 491 - 21*f + 421 - 224. Calculate m(37).
7
Suppose -3*z - 33 = -5*u + 15, 3*z - 33 = -4*u. Let c(h) = h**2. Let i(v) = 6*v**2 - 10*v - 5. Let b(m) = 5*c(m) - i(m). Give b(u).
14
Let l(p) = 2*p + 3. Let i be 6/((25/(-5))/(-25)). Suppose 3*q + i = 5*a, a - 2*q - 13 = -0*a. Let k(g) = -g - 2. Let t be k(a). What is l(t)?
-7
Let g(p) = 3*p - 29. Let u = 11429 - 11424. What is g(u)?
-14
Let z be (-3 - -1)*(-5)/(60/(-42)). Let r = -16 - z. Let k be 52/9 - (2 + 20/r). Let t(d) = -d + 8. Determine t(k).
2
Let b(f) be the third derivative of 3/2*f**3 - 5*f**2 + 1/24*f**4 - 8*f + 0. Give b(-13).
-4
Let k = 332 - 296. Suppose 0 = 3*t + 3*f + f + 9, 0 = -3*t + 5*f - k. Let a(g) = g + 12. Determine a(t).
5
Let l = -3 - -28. Let k = l - 19. Suppose 36*f = 38*f - k. Let s(h) = -h - 2. Calculate s(f).
-5
Suppose -4*q = 2*f - 17 - 7, 3*f = -3*q + 21. Let t(s) = 1 - f - 1 - 7*s + 0. What is t(-3)?
19
Let y(w) = 10*w + 20. Suppose 0 = 3*m - 4*a + 54, 5*m - 3*a + 61 = -6*a. Let z(n) = -2*n - 4. Let d(c) = m*z(c) - 3*y(c). Determine d(9).
-22
Let a = -949/4 - -239. Let z(i) be the first derivative of a*i**4 - 13 - i**2 + 0*i**3 - i. Give z(-1).
-6
Let f(l) = -8 + l + 14 - 13. Let w be f(2). Let x(j) = j**3 + 4*j**2 - 4*j + 3. Give x(w).
-2
Let a(h) = -h**2 - 9*h + 13. Let l = 715 + -712. Determine a(l).
-23
Suppose 2*x + 2*x = -5*s - 18, -2*s - 3*x = 3. Suppose -5*c = 43 - 68. Let d(p) = -2 + c*p + 3217*p**2 - 3216*p**2 + 4. Determine d(s).
8
Let d(h) be the third derivative of 1/15*h**5 - 5/6*h**3 + 1/12*h**4 + 0*h - 52 - 2*h**2 - 1/120*h**6. Give d(5).
-20
Let f(a) be the first derivative of 12*a - 1 + 1/2*a**2. Let b(h) = h**2 + 13*h + 36. Let j be b(-7). Give f(j).
6
Let w be 72/5 + 0 + 10/(-25). Let x(y) = -y**2 + 6*y + 126. Let k be x(w). Let d(j) = -j - 2. What is d(k)?
-16
Let j = 94 - 89. Let h(g) = -j - 443*g + 885*g - 440*g. Determine h(3).
1
Let u be ((-50)/(-15) - 2)*(-3)/(-2). Let b(l) = 4*l - 1. Give b(u).
7
Let u = -41 + 63. Let y(d) = d**3 - 22*d**2 - 2*d + 46. Let m be y(u). Let r(o) = 3*o + o + m - o + 2. Give r(-9).
-23
Let f(q) = q**2 + 4*q + 2. Let x be f(0). Suppose x*z + 37 = 2*l - 7*l, -2*l = -3*z - 8. Let h(t) = -3*t + 8 - 19*t**2 + 6*t**2 + 12*t**2. Determine h(z).
-10
Suppose -3*j - 5*p + 36 = 0, 4*j - j - 2*p - 15 = 0. Let v(r) = 1268 - r -